remainder when c is divided by 15?
5
Let t(o) = 6*o**2 - o. What is the remainder when ((-27)/(-27))/((-2)/(-30)*60/160) is divided by t(-1)?
5
Let c(z) = -3*z**3 - 154*z**2 - 70*z - 801. What is the remainder when 211 is divided by c(-51)?
43
Let g(n) = 6*n**2 - 3*n - 13. Let f be g(5). Let k = f - 98. What is the remainder when 81 is divided by k?
9
Suppose 54 = -159*j + 165*j. Suppose 0 = -v + 6 - j, 5*v + 551 = 2*f. Calculate the remainder when f is divided by 27.
25
Suppose 1656 = -81*p + 84*p. Let w = p + -773. Let d = -156 - w. Calculate the remainder when d is divided by 11.
10
Suppose -3*w - 777 = 2*c, 3*w = 8*c - 3*c - 777. Let s = w - -273. Suppose -2*m - 35 = -t + m, 0 = -2*m + 2. What is the remainder when t is divided by s?
10
What is the remainder when (2 - (0 + -3))/(205/46658) is divided by 30?
28
Suppose 5*g = 4*y + 3709, 2*g + 30*y = 33*y + 1478. Calculate the remainder when g is divided by 10.
5
Let d(a) = 21*a - 15. Let j(t) = t + 1. Let b(f) = -d(f) - 12*j(f). Let o be b(-1). Suppose 2*p - 38 - o = 0. What is the remainder when 146 is divided by p?
35
Let s(f) = -7*f - 43. Let m be s(-6). What is the remainder when 4 + 45 - (2 + m + 1) is divided by 12?
11
Suppose -5316*q + 8643 = -5273*q. Calculate the remainder when 4201 is divided by q.
181
Suppose 3*b = 5*b - 624. What is the remainder when b is divided by 338148/9696 + (-2)/(-16)?
32
Calculate the remainder when 2317 is divided by (-254)/3175 - (-1002)/25.
37
Suppose 21*d - 6197 = -3782. What is the remainder when d is divided by 86?
29
Let t be (5/2)/(4/8). Suppose -t*u + 164 = -31. Suppose 0 = -3*q - 9 + u. What is the remainder when 57 is divided by q?
7
Suppose -4*h = b - 6*b - 47, -h = -4*b - 20. What is the remainder when 77 is divided by h + 4 - -6 - -2?
17
Let v = -564 - -570. Suppose -l - 3*p - 3 = 0, 4*l = 4*p - v*p + 18. What is the remainder when 34 is divided by l?
4
Suppose 5 = 4*j - 7, 3*d + j - 1062 = 0. Calculate the remainder when d is divided by (0 + 13)/(1/9).
2
Suppose 190 - 26 = 41*n. Let x = 74 - 12. Suppose 5*a - 4*y - x = 0, -2*a + 3*y = a - 39. Calculate the remainder when a is divided by n.
2
Let v(g) = -2*g**3 + 2*g**2 + 38*g + 116. What is the remainder when v(-3) is divided by 20?
14
Suppose -14*a - 1261 - 349 = 0. What is the remainder when (2*1)/(6 - (-680)/a) is divided by 5?
3
Suppose 2*u - 2 - 8 = 0. Suppose -5*f + 3*b = -10, -f - u*b = -b - 25. Suppose 0*y = f*y + i - 56, 3*i = 3. What is the remainder when y is divided by 6?
5
Suppose 17 = 4*z + 1. Let j(b) = 20*b + 4. Calculate the remainder when j(2) is divided by (-3)/(z/(-12) - 2/(-15)).
14
Suppose 4*q + 4*r + 16 = 0, 5*r + 9 = -3*q - 11. Suppose q = -29*o + 48*o - 1045. What is the remainder when o is divided by 21?
13
What is the remainder when -8 - 1 - (-10 - (9 + 74 - 6)) is divided by 46/3 - (-2)/3?
14
Suppose -q + 5*l + 4829 = 4117, 0 = -q - 3*l + 704. What is the remainder when q is divided by 168?
35
Calculate the remainder when 160 + -149 + (-1422 - -2)/(-2) is divided by 148.
129
Let v be 4*3*(-28)/(-42). Let m(z) = 38*z + 143. What is the remainder when m(v) is divided by 7?
6
Let t be (-4)/22 + 18/66*-487. Calculate the remainder when ((-2)/(-1 + 3))/(7/t) is divided by (-3 + 4)/(3/18).
1
Suppose -5*k = 5*m + 251 - 2191, -4*m + 768 = 2*k. Suppose 0 = -4*s - 5*v + k, 3*v + 295 = 5*s - 232. What is the remainder when s is divided by 52?
51
Suppose -4*y - 9*h + 4*h = -1054, 800 = 3*y - h. Calculate the remainder when y is divided by 63.
14
Let k(w) = 67*w**2 - 68*w + 136. What is the remainder when k(6) is divided by 355?
10
Suppose 60 = 2*i - 4*b, -2*i = 74*b - 75*b - 21. Suppose 2*o + 47 + 123 = 0. Let p = o - -119. Calculate the remainder when p is divided by i.
2
Let d be 4/(4/(-7)) + 1. Let a(b) = b + 25. Let p be a(d). Let v = p - 6. What is the remainder when 49 is divided by v?
10
Let p be (36/27)/((-6)/(-9) + 0). Suppose 906 = -p*x + 1168. What is the remainder when x is divided by 15?
11
Let q = -9859 + 9887. Calculate the remainder when 469 is divided by q.
21
Calculate the remainder when (-167270)/(-85) + ((-3)/(-5) - 2009/4165) is divided by 219.
216
Let k be (5 + 290/15)*3. Let d = k - 67. Calculate the remainder when 163/d + (-14)/84 is divided by 7.
6
Calculate the remainder when (-2)/10 + (47962/(-30))/(2/(-6)) is divided by 64.
60
Suppose 0 = 2*m + 2*w - 2419 - 469, -m = -w - 1454. Calculate the remainder when m is divided by 16.
9
Suppose 0 = -4237*b + 4238*b - a - 182, 4*b + 3*a = 721. What is the remainder when b is divided by 77?
27
Calculate the remainder when 1522 is divided by 2/3*6*2/8 - -89.
82
Calculate the remainder when 2426 is divided by 52/(-338) + 17250/78.
216
Suppose 10045 = -15*t + 81280. Calculate the remainder when t is divided by 54.
51
Let t(g) = -6*g + 72. Let v be t(12). Suppose 3*m + 5*q - 408 = v, 0 = -5*q + 9 + 6. What is the remainder when m is divided by 15?
11
Suppose 4*h = 5*k - 10*k + 12182, 0 = 3*h - 9. Let c = k - 1295. Calculate the remainder when c is divided by 19.
18
Let o = 38 - 23. Let m(z) = -2*z**2 + 27*z + 28. Let x be m(o). Let v = x - -48. What is the remainder when v is divided by 17?
14
Suppose 4 + 2 = 3*f, -3*f = -5*g + 89. What is the remainder when (-8)/(-14) + 1260/196 + 68 is divided by g?
18
Let i be 0 - (38 - (-4)/(-2)). Let q = 254 - 195. Let h = i + q. Calculate the remainder when h is divided by 13.
10
Suppose -4*d + 3*g = -45, 0 = -2*d + 36*g - 40*g + 28. Suppose 3*r - 4 = r, 5*o = 2*r + 6. Let b(f) = 3*f - 3. What is the remainder when d is divided by b(o)?
0
Let s = -15745 + 21095. What is the remainder when s is divided by 15?
10
Let z = -9551 + 15429. Calculate the remainder when z is divided by 159.
154
Let r = 236 - 232. Let v = -7 - -12. Suppose 2*o + 3*d = 6*d + 26, r*d = -v*o + 19. What is the remainder when 11 is divided by o?
4
Suppose -2 = -k + b, 0*b = -4*k - 2*b + 32. Suppose 7*y - 9 = k*y. Suppose -6*t + y = -3*t. What is the remainder when 4 is divided by t?
1
Let z(l) = -16*l + 260. Suppose 14 = 10*c - 8*c. Let t = c - 4. Calculate the remainder when z(16) is divided by t.
1
Let c = 21879 - 20652. What is the remainder when c is divided by 151?
19
Let f(u) = -u + 4. Let l be f(-3). Suppose -339 = -l*b + 424. Suppose -4*t + b = z, 2*t = 3*z + 26 + 39. Calculate the remainder when 137 is divided by t.
25
Let s = -1582 + 1719. Calculate the remainder when s is divided by 22.
5
Suppose 5*d = 5*v + 35, v + 4 = -0*v. Suppose -5*w + 24 = d*k, -5*w = -3*k - k - 3. Calculate the remainder when -5 - (-52)/12 - (-206)/w is divided by 35.
33
Suppose 4*h - n - 804 = 540, -2*n - 8 = 0. What is the remainder when h is divided by 161?
13
Suppose m - 79 = 25. Let v(r) = 6*r**2 + 2389*r - 7187. What is the remainder when m is divided by v(3)?
2
Let i(t) = t - 19. Let r be i(29). What is the remainder when 4/(-30) - 1891*r/(-75) is divided by 15?
12
Suppose 13*c - 1893 = 1227. Suppose -96*u + 99*u = c. Calculate the remainder when u is divided by 27.
26
Let z = -149 + -38. Let p = z + 213. Calculate the remainder when 76 is divided by p.
24
Let g be -4 - (-10)/(3 - 1) - -162. Suppose 0 = 4*p + 4, -g = -5*q - 5*p + 3*p. Calculate the remainder when q is divided by 6.
3
Let o(d) = d + 0*d - 2*d - 16. Let l be o(-15). Calculate the remainder when 45 is divided by (-17 - 1)*2*l/2.
9
Suppose 1702*l - 1727*l = -4300. Calculate the remainder when l is divided by 94.
78
Suppose 222*r - 2760 = 217*r. Let d = -446 + r. What is the remainder when d is divided by 55?
51
Let c(v) = 3*v**2 + 215*v + 1541. Calculate the remainder when 1091 is divided by c(-7).
176
What is the remainder when 188 is divided by (-1 + 202)/(-69 - -72)?
54
Suppose -9*w = -11*w + 160. Suppose o = 6*o - w. What is the remainder when 92/(-5)*30/(-10 + 4) is divided by o?
12
Let w(i) = -i**3 - 13*i**2 + 15*i + 35. Let h(j) = -2*j - 1. Let k be h(5). Let y = -25 - k. Calculate the remainder when w(y) is divided by 8.
5
Let s = 39 + 67. Suppose 12*a = s + 38. Calculate the remainder when 9/a*4 + 56 is divided by 12.
11
Let l(y) = y**3 + 15*y**2 + 9*y - 23. Let w be l(-17). Let t = -740 - w. Calculate the remainder when 223 is divided by t.
13
Let k(o) = 2*o**2 + 85*o - 428. What is the remainder when 500 is divided by k(6)?
38
Suppo